0
In base 2, what is -10 - 1100101?
-1100111
In base 11, what is 5 - 1?
4
In base 9, what is -28 + 2?
-26
In base 7, what is 206 - -10?
216
In base 8, what is -2535 + -2?
-2537
In base 13, what is -179 - -7a?
-cc
In base 13, what is -4 + -12c6?
-12ca
In base 5, what is 330141 - -4?
330200
In base 2, what is -10001 - -10001?
0
In base 16, what is 66 - 3?
63
In base 9, what is 16 - -400?
416
In base 7, what is 51155 + 5?
51163
In base 11, what is 25 - 20?
5
In base 15, what is 252e + 2?
2531
In base 9, what is 211 - -113?
324
In base 12, what is -1 - -38?
37
In base 8, what is 7 - 61?
-52
In base 6, what is -102 + -51?
-153
In base 5, what is -311 + 0?
-311
In base 7, what is 10 - -364?
404
In base 10, what is -1 - 9?
-10
In base 7, what is -6 + 2511?
2502
In base 6, what is 315 + -3?
312
In base 15, what is 2a6 + 0?
2a6
In base 13, what is 1 + -4b?
-4a
In base 9, what is -6 - -255?
248
In base 8, what is 45 + 5?
52
In base 11, what is -4 - 50?
-54
In base 12, what is -4a7 - -3?
-4a4
In base 2, what is -1 - 1100000?
-1100001
In base 14, what is -29a - -5?
-295
In base 15, what is a + -44?
-39
In base 5, what is 4334 - 113?
4221
In base 12, what is -33 - -38?
5
In base 12, what is 1 + 33?
34
In base 7, what is -122 - -265?
143
In base 13, what is -1 + -49?
-4a
In base 3, what is -12 + 10201?
10112
In base 8, what is -4525 + -3?
-4530
In base 8, what is -2 + -44?
-46
In base 14, what is -26 + 1?
-25
In base 6, what is -5402 - -30?
-5332
In base 6, what is 2 - 4112?
-4110
In base 12, what is 2b + 10?
3b
In base 13, what is 5 + -147?
-142
In base 13, what is 0 + 28?
28
In base 10, what is -653 + -4?
-657
In base 7, what is 6 + 203?
212
In base 9, what is 13 + 17?
31
In base 5, what is 1204 - 3?
1201
In base 6, what is 35111 + 0?
35111
In base 6, what is -5 + -14330?
-14335
In base 3, what is -122020 + -20?
-122110
In base 14, what is d8 - 1?
d7
In base 2, what is 1001001111101 + 10?
1001001111111
In base 4, what is -10 + -2220?
-2230
In base 10, what is -53 + -141?
-194
In base 13, what is 25 + 5?
2a
In base 8, what is 64 + 1?
65
In base 15, what is 14 + -10?
4
In base 16, what is -15 - -c?
-9
In base 2, what is -1011000001100110 - 1?
-1011000001100111
In base 10, what is -1048 + 3?
-1045
In base 6, what is 120 + -5?
111
In base 16, what is -c - 10?
-1c
In base 9, what is -158 - 0?
-158
In base 5, what is 4 + 223?
232
In base 2, what is -10 - 10001010000?
-10001010010
In base 4, what is 1000 + -2332?
-1332
In base 10, what is -60 - -3?
-57
In base 11, what is 1 + 1a78?
1a79
In base 12, what is 20 - 2?
1a
In base 13, what is -7ab - 10?
-7bb
In base 3, what is -22221222 - -2?
-22221220
In base 6, what is -4 + -23?
-31
In base 13, what is -ac + -4?
-b3
In base 13, what is 1 + -116?
-115
In base 4, what is -30 + -11?
-101
In base 2, what is 11 - -10010110001?
10010110100
In base 8, what is 5 + 3?
10
In base 11, what is -93a - -7?
-933
In base 6, what is 132 - -14?
150
In base 5, what is 1 + -44304?
-44303
In base 15, what is -5 + 344?
33e
In base 3, what is 111 - -100?
211
In base 2, what is -100001011 - 1110?
-100011001
In base 15, what is 196 + -6?
190
In base 15, what is -406 - -1?
-405
In base 4, what is -1102210 - -3?
-1102201
In base 5, what is -20 - -20?
0
In base 5, what is 24 - 2211?
-2132
In base 5, what is 1314 - 2?
1312
In base 16, what is 64 - 6?
5e
In base 9, what is -36 - -241?
204
In base 6, what is 1 - -2111?
2112
In base 2, what is -11 + 100000011?
100000000
In base 8, what is 1 - 1045?
-1044
In base 5, what is 1011232 + 0?
1011232
In base 16, what is 3b + d?
48
In base 3, what is 101 + -1210?
-1102
In base 5, what is 13 - 34030?
-34012
In base 7, what is -1052 - 15?
-1100
In base 15, what is b - -e?
1a
In base 6, what is -23 - 2403?
-2430
In base 3, what is 200 - -122?
1022
In base 13, what is 83 - -5?
88
In base 4, what is 3 - 10?
-1
In base 8, what is 15 + -201?
-164
In base 5, what is 234324 + -4?
234320
In base 5, what is -10 - -1001?
441
In base 16, what is a0 - -1b?
bb
In base 10, what is -2 + -27?
-29
In base 14, what is 3690 + 2?
3692
In base 11, what is -5 - 1657?
-1661
In base 10, what is 4 - 191?
-187
In base 7, what is -1432 - 3?
-1435
In base 4, what is -32 - -2?
-30
In base 2, what is -101 - -101000001000?
101000000011
In base 2, what is -10010 + -100100110?
-100111000
In base 4, what is -31 + 313?
222
In base 4, what is -101 + -1?
-102
In base 16, what is eba + 1?
ebb
In base 9, what is 0 - -73?
73
In base 13, what is 1 - -2b?
2c
In base 7, what is 5 - -105?
113
In base 6, what is -220 + 3?
-213
In base 7, what is 105421 - 0?
105421
In base 9, what is -232 - 6?
-238
In base 3, what is -100 - -2201?
2101
In base 6, what is 1215 + -14?
1201
In base 10, what is 2 + 25?
27
In base 9, what is -1 + 404?
403
In base 5, what is -32332 + -4?
-32341
In base 16, what is 6 - -a?
10
In base 5, what is -242 + -341?
-1133
In base 8, what is 1 + 1370?
1371
In base 6, what is 1 - -104125?
104130
In base 5, what is -30044 + -10?
-30104
In base 8, what is 0 - 61?
-61
In base 5, what is 33230 + 1?
33231
In base 10, what is 2 + 580?
582
In base 3, what is -22 - 22120?
-22212
In base 13, what is -120a + -2?
-120c
In base 10, what is -4 - 5076?
-5080
In base 16, what is -2 - c1?
-c3
In base 5, what is -113 - -44?
-14
In base 12, what is -b + -18?
-27
In base 10, what is -1 + -1770?
-1771
In base 6, what is -1 + -120430?
-120431
In base 2, what is -101111 - 1000?
-110111
In base 16, what is -5 - -59?
54
In base 10, what is 23 - 309?
-286
In base 9, what is -4582 - 1?
-4583
In base 15, what is 3 - b63?
-b60
In base 4, what is -31 + -13?
-110
In base 16, what is -a8 - -5?
-a3
In base 7, what is -6 - 306?
-315
In base 2, what is 101 + -10001000010?
-10000111101
In base 9, what is 1227 + 3?
1231
In base 5, what is -104 - -100?
-4
In base 11, what is -27 + -2?
-29
In base 6, what is -112 + -12?
-124
In base 2, what is 100111001 - 0?
100111001
In base 8, what is 1475 - -4?
1501
In base 4, what is -10 + 10301?
10231
In base 7, what is 3410 + -4?
3403
In base 10, what is -3 - -232?
229
In base 6, what is 150 - -552?
1142
In base 8, what is -11 - -367?
356
In base 10, what is 714 + 1?
715
In base 15, what is -4 - 4?
-8
In base 7, what is 43 - 10?
33
In base 11, what is 1 - -144?
145
In base 12, what is -4a37 - 0?
-4a37
In base 2, what is 100100 + -11?
100001
In base 11, what is 4 + 60?
64
In base 13, what is c957 + -2?
c955
In base 6, what is -3303 + 1?
-3302
In base 14, what is -4 + 43?
3d
In base 6, what is 20 - -220?
240
In base 3, what is -22 - 1012?
-1111
In base 13, what is -2527 + -5?
-252c
In base 15, what is 1 - -9?
a
In base 2, what is -1001000 + -1?
-1001001
In base 12, what is 1 - 272?
-271
In base 5, what is 2044 + -2?
2042
In base 2, what is -100110 + 10110?
-10000
In base 2, what is 1011 + 100011101?
100101000
In base 3, what is 11210 + 1?
11211
In base 16, what is 3 + -2a3?
-2a0
In base 15, what is -217 - d?
-225
In base 3, what is -112 - 20?
-202
In base 10, what is -28 + -26?
-54
In base 6, what is 10 + -11545?
-11535
In base 4, what is -33 - 3?
-102
In base 3, what is -111112 - 111?
-112000
In base 10, what is 8 + 9?
17
In base 10, what is 3 + 52?
55
In base 5, what is 24 + 10?
34
In base 3, what is 2 + 222112?
222121
In base 6, what is -35311 - 1?
-35312
In base 4, what is 0 - 1101?
-1101
In base 3, what is 110 + 2?
112
In base 14, what is 3 + b9?
bc
In base 3, what is 2101110 + -100?
2101010
In base 12, what is 48 + -41?
7
In base 6, what is 1310 - 4?
1302
In base 13, what is -2 + 1ab?
1a9
In base 3, what is 1102001 + 1?
1102002
In base 9, what is -362 + -2?
-364
In base 16, what is -66 - 2?
-68
In base 5, what is -24142 + -2?
-24144
In base 10, what is 8 + -4?
4
In base 13, what is -5 + 49?
44
In base 12, what is 5 + 0?
5
In base 2, what is 1010010 + -1001000?
1010
In base 10, what is -24 + 9?
-15
In base 8, what is -117 - -5?
-112
In base 13, what is 1b - 0?
1b
In base 14, what is -4 - -1527?
1523
In base 16, what is 3 + 1ca?
1cd
In base 13, what is -1 - 61b?
-61c
In base 10, what is -137 + -5?
-142
In base 6, what is -1 + -1304?
-1305
In base 6, what is -55112 - -1?
-55111
In base 15, what is -a + -18?
-23
In base 12, what is -677 - 0?
-677
In base 15, what is -2 + -10c?
-10e
In base 7, what is -1 + 4012?
4011
In base 6, wh